{"id":116,"date":"2017-01-03T22:56:58","date_gmt":"2017-01-03T20:56:58","guid":{"rendered":"http:\/\/www.lofkullagolf.fi\/wp\/?page_id=116"},"modified":"2026-04-16T16:59:16","modified_gmt":"2026-04-16T16:59:16","slug":"yhteystiedot","status":"publish","type":"page","link":"https:\/\/www.lofkullagolf.fi\/cita\/yhteystiedot\/","title":{"rendered":"Yhteystiedot"},"content":{"rendered":"<p><strong>Caddiemaster<\/strong><br \/>\n0400 774 377<br \/>\nLehtim\u00e4entie 2, 02770 Espoo<br \/>\ninfo@lofkullagolf.fi<\/p>\n<p><a href=\"https:\/\/www.instagram.com\/lofkullagolf\/\">Instagram<\/a><br \/>\n<a href=\"https:\/\/www.facebook.com\/lofkullagolf\">Facebook<\/a><\/p>\n<p><strong>Caf\u00e9 L\u00f6fkulla<br \/>\n<\/strong><span data-olk-copy-source=\"MessageBody\">045 188 6900<\/span><br \/>\n<a href=\"bleondsejdiu@gmail.com\">bleondsejdiu@gmail.com<\/a><\/p>\n<p><strong>MR Golf School<br \/>\n<\/strong>040 552 2190<strong><br \/>\n<\/strong>Minea Blomqvist-Kakko<strong><br \/>\n<\/strong><a href=\"https:\/\/www.mrgolfschool.fi\/\">www.mrgolfschool.fi<\/a><\/p>\n","protected":false},"excerpt":{"rendered":"<p>Caddiemaster 0400 774 377 Lehtim\u00e4entie 2, 02770 Espoo info@lofkullagolf.fi Instagram Facebook Caf\u00e9 L\u00f6fkulla 045 188 6900 bleondsejdiu@gmail.com MR Golf School 040 552 2190 Minea Blomqvist-Kakko www.mrgolfschool.fi<\/p>\n","protected":false},"author":1,"featured_media":0,"parent":0,"menu_order":5,"comment_status":"closed","ping_status":"closed","template":"","meta":{"_citadela_hide_page_title":"","_citadela_remove_header_space":"","_citadela_custom_class":"","_citadela_half_map_provider":"","_citadela_half_map_theme":"","_citadela_half_map_themeOSM":"","_citadela_half_map_customTheme":"","_citadela_half_map_dataType":"","_citadela_half_map_dynamicTrack":false,"_citadela_half_map_trackColor":"","_citadela_half_map_trackEndpointsColor":"","_citadela_half_map_filterCategory":"","_citadela_half_map_filterLocation":"","_citadela_half_map_filterFeatured":false,"_citadela_half_map_noDataBehavior":"empty-map","_citadela_half_map_noDataText":"","_citadela_half_map_clusterGridSize":80,"_citadela_header":false,"_citadela_header_over_content":false,"_citadela_header_text_color":"","_citadela_header_logo":[],"_citadela_header_bg_image":[],"_citadela_header_bg_position":[],"_citadela_header_bg_size":"","_citadela_header_bg_repeat":"","_citadela_header_bg_fixed":false,"_citadela_header_bg_color":"","_citadela_header_bg_image_overlay":"","_citadela_header_transparent_bg":false,"_citadela_content_width":"","_citadela_half_layout_position":"","footnotes":""},"class_list":["post-116","page","type-page","status-publish","hentry"],"_links":{"self":[{"href":"https:\/\/www.lofkullagolf.fi\/cita\/wp-json\/wp\/v2\/pages\/116","targetHints":{"allow":["GET"]}}],"collection":[{"href":"https:\/\/www.lofkullagolf.fi\/cita\/wp-json\/wp\/v2\/pages"}],"about":[{"href":"https:\/\/www.lofkullagolf.fi\/cita\/wp-json\/wp\/v2\/types\/page"}],"author":[{"embeddable":true,"href":"https:\/\/www.lofkullagolf.fi\/cita\/wp-json\/wp\/v2\/users\/1"}],"replies":[{"embeddable":true,"href":"https:\/\/www.lofkullagolf.fi\/cita\/wp-json\/wp\/v2\/comments?post=116"}],"version-history":[{"count":16,"href":"https:\/\/www.lofkullagolf.fi\/cita\/wp-json\/wp\/v2\/pages\/116\/revisions"}],"predecessor-version":[{"id":7927,"href":"https:\/\/www.lofkullagolf.fi\/cita\/wp-json\/wp\/v2\/pages\/116\/revisions\/7927"}],"wp:attachment":[{"href":"https:\/\/www.lofkullagolf.fi\/cita\/wp-json\/wp\/v2\/media?parent=116"}],"curies":[{"name":"wp","href":"https:\/\/api.w.org\/{rel}","templated":true}]}}